{"id":41424,"date":"2024-01-05T13:42:37","date_gmt":"2024-01-05T18:42:37","guid":{"rendered":"https:\/\/zumos.co\/tequendama\/product\/vegetariana\/"},"modified":"2025-02-05T09:58:56","modified_gmt":"2025-02-05T14:58:56","slug":"vegetariana","status":"publish","type":"product","link":"https:\/\/zumos.co\/centro\/product\/vegetariana\/","title":{"rendered":"Vegetariana"},"content":{"rendered":"<p>Jugosos champig\u00f1ones salteados con cebolla asada y albahaca, frijol caraota, falafel, acompa\u00f1ados de tomate, ma\u00edz tierno, espinaca y crotones<\/p>\n","protected":false},"excerpt":{"rendered":"<p>Jugosos champig\u00f1ones salteados con cebolla asada y albahaca, frijol caraota, falafel, acompa\u00f1ados de tomate, ma\u00edz tierno, espinaca y crotones<\/p>\n","protected":false},"featured_media":41355,"template":"","meta":[],"product_brand":[],"product_cat":[148],"product_tag":[],"class_list":{"0":"post-41424","1":"product","2":"type-product","3":"status-publish","4":"has-post-thumbnail","6":"product_cat-ensalada","8":"first","9":"instock","10":"shipping-taxable","11":"purchasable","12":"product-type-simple"},"_links":{"self":[{"href":"https:\/\/zumos.co\/centro\/wp-json\/wp\/v2\/product\/41424","targetHints":{"allow":["GET"]}}],"collection":[{"href":"https:\/\/zumos.co\/centro\/wp-json\/wp\/v2\/product"}],"about":[{"href":"https:\/\/zumos.co\/centro\/wp-json\/wp\/v2\/types\/product"}],"wp:featuredmedia":[{"embeddable":true,"href":"https:\/\/zumos.co\/centro\/wp-json\/wp\/v2\/media\/41355"}],"wp:attachment":[{"href":"https:\/\/zumos.co\/centro\/wp-json\/wp\/v2\/media?parent=41424"}],"wp:term":[{"taxonomy":"product_brand","embeddable":true,"href":"https:\/\/zumos.co\/centro\/wp-json\/wp\/v2\/product_brand?post=41424"},{"taxonomy":"product_cat","embeddable":true,"href":"https:\/\/zumos.co\/centro\/wp-json\/wp\/v2\/product_cat?post=41424"},{"taxonomy":"product_tag","embeddable":true,"href":"https:\/\/zumos.co\/centro\/wp-json\/wp\/v2\/product_tag?post=41424"}],"curies":[{"name":"wp","href":"https:\/\/api.w.org\/{rel}","templated":true}]}}